 920 = 4*z. What is the units digit of z?
0
Suppose 0 = 5*v - 4*m + 221 - 26092, 0 = m - 1. What is the tens digit of v?
7
Suppose 2*a - q = 278, -q + 4 = -0*q. Suppose 139*o - a*o + 874 = 0. What is the units digit of o?
7
Suppose -p - 5*f = -5, p + 1 = 3*f + 6. Suppose -4*m = -9*z + 4*z - 23, 0 = p*m - 2*z - 50. What is the units digit of m?
2
Let n be (-4)/6 + (-87948)/(-54). Let m = n + -551. What is the tens digit of m?
7
Let g = -23380 - -37027. What is the ten thousands digit of g?
1
Suppose -v + 105 = 3*b - 85, 4*b = -4*v + 248. Let f be 3 - 1 - (3 + -5). Suppose -184 = -f*r + b. What is the units digit of r?
2
Let w = 225 + -227. What is the tens digit of w/(-2*(-4)/(-1980))?
9
Suppose 25*n = 3*n + 8492 + 107228. What is the tens digit of n?
6
Suppose -4 = -2*x + 4, -o + 4*x = -26. Let g = 133 + o. Let y = -66 + g. What is the units digit of y?
9
Let r(t) = -34*t - 25. Let a = 177 - 184. What is the hundreds digit of r(a)?
2
Suppose h - 1 = -3, -h = 2*z + 422. Let g(o) = -o**3 + 10*o**2 + 58*o - 54. Let y be g(14). What is the hundreds digit of (4/((-8)/z))/(y/(-52))?
2
Suppose 94*w - 431890 = 1197506. What is the hundreds digit of w?
3
Let t(l) be the second derivative of l**3/2 - 29*l**2/2 - 16*l. Let y be t(12). Suppose d - 47 = i, 0 = -5*d - 3*i + y*i + 238. What is the units digit of d?
0
Let l(x) = 7*x + 44. Let c be l(-6). Suppose -v + 4*q = 2, -q = 4*v + c*q - 11. Suppose g + v - 3 = 0. What is the units digit of g?
1
Suppose -g + 44*q - 40*q = -1829, 0 = -5*g - 3*q + 9214. What is the tens digit of g?
4
Let v = -3433 + 5796. What is the units digit of v?
3
Let r be 8/4*-2*2/8. Let z(s) = 446*s**2 + 3*s + 1. Let f be z(r). Suppose -f - 53 = -7*d. What is the tens digit of d?
7
Let y(t) = -5*t + 33. Let g be y(6). Let z be (-4)/(3/(g + -12)). What is the tens digit of (z/(-90)*48)/(2/(-35))?
1
Let s = -24812 - -35139. What is the tens digit of s?
2
Suppose -30*k = -21*k - 18. What is the hundreds digit of ((17792/6)/16)/(k/6)?
5
Suppose 173*u + 85164 = 175*u - 2*o, -4*u = -5*o - 170325. What is the thousands digit of u?
2
Let p be (3*(-16)/(-30))/((-24)/(-60)). Suppose 6 - p = i. What is the units digit of 82 - (1/i - 21/6)?
5
What is the units digit of (546059/1166 + 2/11)/((-1)/(-14))?
9
Let o(s) = 1058*s - 6950. What is the ten thousands digit of o(68)?
6
Suppose -16630 + 137656 + 403374 = 300*u. What is the units digit of u?
8
Let v(b) = -b**3 + 2. Let f(i) = -3*i**3 - 14*i**2 + 6*i + 8. Let u(n) = f(n) - 2*v(n). What is the hundreds digit of u(-15)?
1
Let r(s) = -632*s**2 + s + 66. Let b be r(15). What is the hundreds digit of (-4)/(-34) + b/(-612)*4?
9
Suppose 0 = 3*j + 5*x - 19847, -3*j + 5*x + 855 + 18952 = 0. What is the tens digit of j?
0
What is the ten thousands digit of 618003/27 - (2 + 1)?
2
Let x(a) = 12*a**3 + 17*a**2 + 110*a - 102. What is the units digit of x(16)?
2
Let o(i) = 580*i**2 - 10*i. Let l be o(-1). Let y = l + -519. What is the tens digit of y?
7
What is the hundreds digit of -2*319/22*-1154?
4
Suppose 14*s - 35556 - 44720 = 0. What is the hundreds digit of s?
7
Let c = -10906 - -20202. What is the hundreds digit of c?
2
Suppose 132 = -23*c + 34*c. Suppose 8*a + c*a = 10400. What is the tens digit of a?
2
Let d(x) = 9 + 11*x - 12*x + 8*x. Suppose -3*c + 27 = -0*c. What is the tens digit of d(c)?
7
What is the tens digit of (-13305 - 0)*120/(-8)*(-12)/(-150)?
6
Suppose -4 = -b, -5*b = 3*x - 0*b - 23303. What is the hundreds digit of x?
7
Suppose 0 = -2*k + 2*z + 2 + 2, 3*k - 2*z - 6 = 0. Let w be (-521)/((-2)/(-2) - k). Let l = w - 363. What is the units digit of l?
8
Suppose -5*j - 5*c = -16150, -2*j + 7819 - 1356 = 3*c. What is the hundreds digit of j?
2
Suppose 2*b + 2*b - 361 = -5*q, 4*q - 5*b = 256. Let r = 83 - q. Suppose 15*f - 43 = r*f. What is the units digit of f?
3
Let o(l) = -l**3 - 8*l**2 - 2*l - 90. Let w be 12/(1*(-1)/1). What is the tens digit of o(w)?
1
Let f = -4 + 4789. What is the units digit of f?
5
Let y(s) = s**3 - 2*s**2 + 3*s + 2. Let u be y(5). Let d = u + 55. Let n = d - 88. What is the tens digit of n?
5
Suppose -m + 2 = -3. Suppose 17*y - m = 22*y, 2*w + 5*y - 289 = 0. What is the hundreds digit of w?
1
Let m = -7145 - -15295. What is the units digit of m?
0
Let o = -2381 - -5945. What is the tens digit of o?
6
Let i be (-123)/(-12)*1 + (-3)/12. Suppose 0 = 2*y - 2*c - 10, 3*y + i*c + 9 = 5*c. Suppose -5*q + 123 = -y. What is the units digit of q?
5
Let o = -58 - -54. Let b be o - (-3 + 2 + -3). Suppose -3*d + w + 50 = -b*w, w = 5*d - 86. What is the units digit of d?
8
Let l = -6107 + 10707. What is the tens digit of l?
0
Suppose 4*j - 68715 = o, -3*o - 3 = -18. What is the hundreds digit of j?
1
Suppose 2845 + 1078 = w. Let q = w - 2695. What is the units digit of q?
8
Suppose -4*m - 2*f = -94, 4*m - 4*f = -49 + 149. Let u(a) = -a**2 + 23*a - 47. Let h be u(m). Let y = 70 - h. What is the tens digit of y?
4
What is the units digit of -8484*-3*18/81?
6
Suppose -5*k - 3*o + 19997 = -36684, 4*o - 34013 = -3*k. What is the units digit of k?
5
Let s(x) be the second derivative of -x**5/20 + 11*x**4/12 + x**3/2 + 4*x**2 + 22*x. What is the units digit of s(10)?
8
Let z(k) be the first derivative of 2*k**2 - 12 + 2/3*k**3 - 4*k. What is the tens digit of z(3)?
2
Suppose 0 = 11*m - 6*m + 55. Let l(y) = y**3 + 10*y**2 - 12*y + 8. Let u be l(m). Suppose -4*c - u = -47. What is the units digit of c?
7
Suppose 64*k - 437059 - 68413 = 0. What is the thousands digit of k?
7
Suppose -h = 22*h + 14*h - 774965. What is the tens digit of h?
4
Let j(b) = b**3 - 14*b**2 - 12*b - 4. Let p = -36 + 36. Suppose 3*o - x - 44 = p, o + 4*x - 24 = -5. What is the units digit of j(o)?
1
Suppose 3*x - 85878 = -3*d, -10*d = -11*d. What is the units digit of x?
6
Let z(q) = -q**2 + 35*q + 229. Let p be z(-6). What is the hundreds digit of p/(102/4) + (-5548)/(-6)?
9
Let i be 1/(-1 - ((-3)/(-9) - 1)). Let l be i/(5/2 - 4/1). Let m(x) = 16*x**3 - 2*x**2 - x - 2. What is the tens digit of m(l)?
1
Suppose 3*t = 5*x + 5, -1 = t + x - 0. Let l(d) = t - 3 + 8*d**2 - 3 + 2. What is the units digit of l(-2)?
8
Let z(q) be the second derivative of q**5/20 + q**4/12 + q**3/6 - 94*q**2 - 14*q. Let d be z(0). What is the tens digit of (d/16)/(2/(-8))?
4
Let l = 379 - 2961. Let o = -1791 - l. What is the tens digit of o?
9
Let q = 12722 - 8235. Suppose q = -944*n + 951*n. What is the hundreds digit of n?
6
Let c(i) be the first derivative of -i**4/4 + 14*i**3/3 + 23*i**2 - 2*i + 151. What is the units digit of c(-9)?
7
Let h = -3461 + 3465. Let u(j) = -j**2 + 7*j - 3. Let k be u(6). Suppose -2*a = -2*t + 198, -h*t + k*a + 88 + 310 = 0. What is the hundreds digit of t?
1
Suppose 2*g + 5*h = 11991 + 6728, 3*g + 4*h - 28103 = 0. What is the units digit of g?
7
Let j(f) = -181*f**3 - 2 + 6*f - 50*f**3 + f**2 - 6*f. What is the units digit of j(-1)?
0
Let f = -173 + 1399. Let q = f - 622. What is the hundreds digit of q?
6
Let o(t) = 35*t**3 + 3*t**2 + 3*t - 2. Let q be o(4). Let s = q + -1328. What is the units digit of s?
0
Suppose 198 = 14*h - 250. Suppose 2*f - 14 = -2*s + 2, -4*f - s = -h. Suppose 0 = f*t + 4*t - 1944. What is the tens digit of t?
6
Suppose 154656 = 5*g + 4*s, 4*g = 8*g - 3*s - 123762. What is the units digit of g?
6
Suppose c - 5 = -3. Let b(l) = 23 + 20*l**c - 30 - 3*l - 2*l. What is the tens digit of b(4)?
9
Let a be -1*(-3 - (2 + -8)). Let q = 310 + -536. What is the units digit of q/(-1) + (a + 0 - -3)?
6
Suppose 0 = 13*t - 26233 + 7535 - 23812. What is the units digit of t?
0
Let n = 3085 + 1468. What is the tens digit of n?
5
Suppose -5625 = -3*u - 3*f, -36*u - 5*f + 5611 = -33*u. What is the tens digit of u?
8
Let f be (-32)/(-40)*375/1. Suppose -2*c = 2*v - f, 0 = 4*c - 2*c. Let m = 25 + v. What is the units digit of m?
5
Suppose p - 7 = -5*q + 3*q, -4*q = -2*p - 10. Suppose -q*f = -f + 2. What is the units digit of 3/6 + f + 143/2?
1
Suppose 5*g + 6*b = -7 + 5, 4 = -g - 3*b. Suppose 0 = 5*d - 2*c - 6486, -g*d - 824 + 3424 = 2*c. What is the hundreds digit of d?
2
Let y = -21 + 35. Let c(k) = 0*k**2 + k**3 + 11*k**2 + 4*k - 3*k**3 + k**3 - y. What is the units digit of c(11)?
0
Let d = -1614 + 2357. Suppose -m - 56 + d = 0. What is the tens digit of m?
8
Suppose 37966*z = 37955*z + 12